8617721?
6
What is the hundred thousands digit of 78400691?
4
What is the units digit of 687993044?
4
What is the hundred millions digit of 265894100?
2
What is the hundreds digit of 499848818?
8
What is the hundred thousands digit of 371364242?
3
What is the ten thousands digit of 641622688?
2
What is the hundreds digit of 48119043?
0
What is the ten thousands digit of 459083456?
8
What is the ten thousands digit of 678356470?
5
What is the ten millions digit of 158372200?
5
What is the hundred thousands digit of 25742210?
7
What is the hundreds digit of 54875210?
2
What is the hundred thousands digit of 3456273703?
2
What is the millions digit of 58419113?
8
What is the ten thousands digit of 1506433506?
3
What is the hundred thousands digit of 3424723888?
7
What is the hundred thousands digit of 8185620?
1
What is the ten millions digit of 3609646777?
0
What is the hundred millions digit of 1960029575?
9
What is the millions digit of 13617360?
3
What is the tens digit of 167415351?
5
What is the tens digit of 53373825?
2
What is the ten millions digit of 273181322?
7
What is the ten millions digit of 110336270?
1
What is the thousands digit of 69991143?
1
What is the tens digit of 14413404?
0
What is the tens digit of 335170350?
5
What is the tens digit of 98821031?
3
What is the units digit of 75124580?
0
What is the tens digit of 17625?
2
What is the ten thousands digit of 10084033?
8
What is the ten millions digit of 414389488?
1
What is the millions digit of 6862139247?
2
What is the hundreds digit of 279215649?
6
What is the ten millions digit of 125594823?
2
What is the hundred millions digit of 3464127043?
4
What is the hundreds digit of 22712364?
3
What is the hundred thousands digit of 116965153?
9
What is the hundred thousands digit of 14250049?
2
What is the hundred thousands digit of 117215775?
2
What is the units digit of 44774333?
3
What is the tens digit of 34952748?
4
What is the hundred millions digit of 1387058871?
3
What is the hundred millions digit of 105272935?
1
What is the thousands digit of 168473425?
3
What is the hundred millions digit of 373426173?
3
What is the ten thousands digit of 113201923?
0
What is the ten millions digit of 433298162?
3
What is the units digit of 104269394?
4
What is the hundreds digit of 27074579?
5
What is the millions digit of 205460817?
5
What is the tens digit of 1043980699?
9
What is the tens digit of 1348532588?
8
What is the millions digit of 181164560?
1
What is the units digit of 8215405?
5
What is the ten thousands digit of 626435455?
3
What is the billions digit of 4594462361?
4
What is the ten millions digit of 46834305?
4
What is the units digit of 376612044?
4
What is the millions digit of 3436686145?
6
What is the ten millions digit of 333601628?
3
What is the millions digit of 549143124?
9
What is the tens digit of 342213114?
1
What is the thousands digit of 112145271?
5
What is the thousands digit of 1221434?
1
What is the units digit of 117618750?
0
What is the hundred thousands digit of 41167330?
1
What is the ten millions digit of 43333946?
4
What is the hundred millions digit of 191684346?
1
What is the hundreds digit of 547649362?
3
What is the ten millions digit of 361829523?
6
What is the tens digit of 14485915?
1
What is the ten millions digit of 380136362?
8
What is the hundreds digit of 452323364?
3
What is the thousands digit of 43966007?
6
What is the hundred thousands digit of 485777648?
7
What is the thousands digit of 3649478135?
8
What is the hundreds digit of 2114268937?
9
What is the units digit of 120141726?
6
What is the thousands digit of 349540583?
0
What is the thousands digit of 1180430659?
0
What is the hundred millions digit of 2765727354?
7
What is the hundred thousands digit of 34080624?
0
What is the ten thousands digit of 519358164?
5
What is the thousands digit of 69727477?
7
What is the hundreds digit of 426167029?
0
What is the hundred thousands digit of 336838137?
8
What is the hundred thousands digit of 656610726?
6
What is the tens digit of 141119465?
6
What is the ten thousands digit of 264286174?
8
What is the millions digit of 1951038770?
1
What is the hundred thousands digit of 40632108?
6
What is the tens digit of 878993749?
4
What is the tens digit of 280879148?
4
What is the ten millions digit of 502654215?
0
What is the hundred millions digit of 3089846758?
0
What is the thousands digit of 116484742?
4
What is the billions digit of 1064501555?
1
What is the millions digit of 5464327?
5
What is the hundred thousands digit of 625132365?
1
What is the units digit of 779831687?
7
What is the ten thousands digit of 41019519?
1
What is the hundreds digit of 18657375?
3
What is the hundreds digit of 3209888147?
1
What is the ten millions digit of 12456756?
1
What is the billions digit of 2617950890?
2
What is the tens digit of 1395568851?
5
What is the tens digit of 1319411889?
8
What is the ten millions digit of 374325941?
7
What is the millions digit of 53011388?
3
What is the ten millions digit of 47575506?
4
What is the hundreds digit of 3956076469?
4
What is the ten millions digit of 38341632?
3
What is the tens digit of 356865174?
7
What is the ten millions digit of 932037565?
3
What is the ten millions digit of 47673260?
4
What is the thousands digit of 308583000?
3
What is the hundreds digit of 5259636?
6
What is the millions digit of 94640042?
4
What is the tens digit of 2661148?
4
What is the ten millions digit of 203183697?
0
What is the hundreds digit of 5106103159?
1
What is the tens digit of 1790683274?
7
What is the hundreds digit of 476460001?
0
What is the ten thousands digit of 466647053?
4
What is the thousands digit of 519155828?
5
What is the hundred thousands digit of 25126151?
1
What is the tens digit of 2663952738?
3
What is the units digit of 2004920255?
5
What is the units digit of 256458364?
4
What is the hundred thousands digit of 78463271?
4
What is the hundreds digit of 2403333224?
2
What is the ten millions digit of 13426519?
1
What is the hundred millions digit of 280251800?
2
What is the thousands digit of 17541309?
1
What is the thousands digit of 485138450?
8
What is the hundreds digit of 138542927?
9
What is the hundred thousands digit of 19691842?
6
What is the ten millions digit of 16945259?
1
What is the ten millions digit of 265111134?
6
What is the ten thousands digit of 3475661089?
6
What is the ten millions digit of 112182891?
1
What is the units digit of 455038018?
8
What is the millions digit of 1011254866?
1
What is the units digit of 2489659696?
6
What is the ten thousands digit of 488032769?
3
What is the units digit of 4649572298?
8
What is the ten thousands digit of 761036072?
3
What is the hundreds digit of 343983236?
2
What is the hundred thousands digit of 34514632?
5
What is the hundred thousands digit of 106363251?
3
What is the millions digit of 3012160238?
2
What is the thousands digit of 488639511?
9
What is the hundreds digit of 819432743?
7
What is the hundreds digit of 205959168?
1
What is the ten thousands digit of 7697490471?
9
What is the millions digit of 28223277?
8
What is the millions digit of 53074366?
3
What is the ten thousands digit of 445745358?
4
What is the hundred thousands digit of 231476139?
4
What is the ten millions digit of 114326732?
1
What is the hundreds digit of 2533645446?
4
What is the ten thousands digit of 64144962?
4
What is the billions digit of 1309169189?
1
What is the billions digit of 1122384439?
1
What is the tens digit of 2492216?
1
What is the ten millions digit of 1974815140?
7
What is the tens digit of 1956691599?
9
What is the thousands digit of 39444310?
4
What is the ten thousands digit of 1322336438?
3
What is the tens digit of 35304666?
6
What is the units digit of 4920821709?
9
What is the ten thousands digit of 1141121936?
2
What is the tens digit of 69077366?
6
What is the units digit of 9067670?
0
What is the ten millions digit of 1481330186?
8
What is the ten millions digit of 14451815?
1
What is the ten thousands digit of 2345025665?
2
What is the tens digit of 1659503810?
1
What is the thousands digit of 6294235812?
5
What is the millions digit of 554262610?
4
What is the units digit of 16355372?
2
What is the ten thousa